{"id":459,"date":"2024-07-09T16:18:19","date_gmt":"2024-07-09T22:18:19","guid":{"rendered":"http:\/\/192.168.100.85\/utbb.edu.mx\/?page_id=459"},"modified":"2024-07-25T14:27:10","modified_gmt":"2024-07-25T20:27:10","slug":"quienes-somos","status":"publish","type":"page","link":"https:\/\/www.utbb.edu.mx\/?page_id=459","title":{"rendered":"Antecedentes"},"content":{"rendered":"\n<p class=\"justificar\">La Universidad Tecnol\u00f3gica de Bah\u00eda de Banderas es un Organismo P\u00fablico Descentralizado del Gobierno del Estado de Nayarit, creada mediante Decreto No. 8584, de fecha 27 de mayo del 2004.<\/p>\n\n\n\n<p class=\"justificar\">La Universidad inici\u00f3 operaciones acad\u00e9micas el 30 de agosto del 2004, con una oferta de 3 programas educativos de T\u00e9cnico Superior Universitario, los cuales fueron determinados a trav\u00e9s del estudio de factibilidad para la creaci\u00f3n de la misma.<\/p>\n\n\n\n<p class=\"justificar\">En septiembre del 2009, bajo la reforma del decreto 8584 se apertura el modelo basado en competencias y a su vez se ofertaron los programas educativos de Licenciaturas e Ingenier\u00edas. Y en mayo del 2024, se dio inicio a los 2 primeros posgrados, con la oferta de 2 maestr\u00edas.<\/p>\n","protected":false},"excerpt":{"rendered":"<p>La Universidad Tecnol\u00f3gica de Bah\u00eda de Banderas es un Organismo P\u00fablico Descentralizado del Gobierno del Estado de Nayarit, creada mediante Decreto No. 8584, de fecha 27 de mayo del 2004. La Universidad inici\u00f3 operaciones acad\u00e9micas el 30 de agosto del 2004, con una oferta de 3 programas educativos de T\u00e9cnico Superior Universitario, los cuales fueron [&hellip;]<\/p>\n","protected":false},"author":1,"featured_media":0,"parent":0,"menu_order":0,"comment_status":"closed","ping_status":"closed","template":"","meta":{"footnotes":""},"class_list":["post-459","page","type-page","status-publish","hentry","latest_post"],"_links":{"self":[{"href":"https:\/\/www.utbb.edu.mx\/index.php?rest_route=\/wp\/v2\/pages\/459","targetHints":{"allow":["GET"]}}],"collection":[{"href":"https:\/\/www.utbb.edu.mx\/index.php?rest_route=\/wp\/v2\/pages"}],"about":[{"href":"https:\/\/www.utbb.edu.mx\/index.php?rest_route=\/wp\/v2\/types\/page"}],"author":[{"embeddable":true,"href":"https:\/\/www.utbb.edu.mx\/index.php?rest_route=\/wp\/v2\/users\/1"}],"replies":[{"embeddable":true,"href":"https:\/\/www.utbb.edu.mx\/index.php?rest_route=%2Fwp%2Fv2%2Fcomments&post=459"}],"version-history":[{"count":4,"href":"https:\/\/www.utbb.edu.mx\/index.php?rest_route=\/wp\/v2\/pages\/459\/revisions"}],"predecessor-version":[{"id":2188,"href":"https:\/\/www.utbb.edu.mx\/index.php?rest_route=\/wp\/v2\/pages\/459\/revisions\/2188"}],"wp:attachment":[{"href":"https:\/\/www.utbb.edu.mx\/index.php?rest_route=%2Fwp%2Fv2%2Fmedia&parent=459"}],"curies":[{"name":"wp","href":"https:\/\/api.w.org\/{rel}","templated":true}]}}