{"id":3486,"date":"2024-12-19T14:19:18","date_gmt":"2024-12-19T20:19:18","guid":{"rendered":"http:\/\/www.utbb.edu.mx\/?page_id=3486"},"modified":"2025-01-16T14:49:26","modified_gmt":"2025-01-16T20:49:26","slug":"rectoria","status":"publish","type":"page","link":"https:\/\/www.utbb.edu.mx\/?page_id=3486","title":{"rendered":"Rector\u00eda"},"content":{"rendered":"\n<figure class=\"wp-block-image size-large\"><img loading=\"lazy\" decoding=\"async\" width=\"1024\" height=\"683\" src=\"http:\/\/192.168.22.9\/utbb.edu.mx\/wp-content\/uploads\/2025\/01\/Rector_UTBB-1024x683.jpg\" alt=\"\" class=\"wp-image-3536\" srcset=\"https:\/\/www.utbb.edu.mx\/wp-content\/uploads\/2025\/01\/Rector_UTBB-1024x683.jpg 1024w, https:\/\/www.utbb.edu.mx\/wp-content\/uploads\/2025\/01\/Rector_UTBB-300x200.jpg 300w, https:\/\/www.utbb.edu.mx\/wp-content\/uploads\/2025\/01\/Rector_UTBB-768x512.jpg 768w, https:\/\/www.utbb.edu.mx\/wp-content\/uploads\/2025\/01\/Rector_UTBB-600x400.jpg 600w, https:\/\/www.utbb.edu.mx\/wp-content\/uploads\/2025\/01\/Rector_UTBB-1536x1024.jpg 1536w, https:\/\/www.utbb.edu.mx\/wp-content\/uploads\/2025\/01\/Rector_UTBB-2048x1365.jpg 2048w\" sizes=\"auto, (max-width: 1024px) 100vw, 1024px\" \/><\/figure>\n\n\n\n<p><strong>La UT Bah\u00eda de Banderas Transforma la Educaci\u00f3n en Nayarit<\/strong><\/p>\n\n\n\n<p>*<em>El rector Isaak Rivera Delgadillo destaca logros hist\u00f3ricos en matr\u00edcula, infraestructura y vinculaci\u00f3n internacional.<\/em><\/p>\n\n\n\n<p>El rector de la Universidad Tecnol\u00f3gica de Bah\u00eda de Banderas (UTBB), Isaak Rivera Delgadillo, present\u00f3 su segundo informe anual de rendici\u00f3n de cuentas por el periodo escolar 2024. Ante una audiencia conformada por la comunidad acad\u00e9mica, autoridades universitarias, funcionarios p\u00fablicos, representantes de la sociedad y medios de comunicaci\u00f3n, Rivera Delgadillo expuso los avances y logros m\u00e1s significativos de su administraci\u00f3n durante el poco m\u00e1s de un a\u00f1o al frente de la instituci\u00f3n educativa.<br><strong>Crecimiento acad\u00e9mico y de infraestructura<\/strong><\/p>\n\n\n\n<p>El rector inform\u00f3 que, durante este ciclo, la matr\u00edcula de la universidad creci\u00f3 un 25%, fortaleciendo su impacto educativo en la regi\u00f3n. Asimismo, destac\u00f3 que la UTBB es la \u00fanica universidad tecnol\u00f3gica de Nayarit que ofrece posgrados, otorgando becas del 50% para la formaci\u00f3n docente en diversos niveles educativos. En t\u00e9rminos de infraestructura, se realiz\u00f3 una inversi\u00f3n superior a 100 millones de pesos para la ampliaci\u00f3n de edificios como Docencia IV, el equipamiento del Hotel-Escuela y la construcci\u00f3n de un domo multifuncional.Entre las innovaciones m\u00e1s relevantes se encuentra la creaci\u00f3n del primer vivero acad\u00e9mico autorizado por SEDER en Nayarit. Este espacio, con una producci\u00f3n proyectada de 32,000 plantas, no solo contribuye al aprendizaje pr\u00e1ctico de m\u00e1s de 300 alumnos, sino que tambi\u00e9n integra un atractivo tur\u00edstico para la regi\u00f3n. Adem\u00e1s, se abri\u00f3 un Centro de Idiomas que ya beneficia a 270 estudiantes con clases de ingl\u00e9s, franc\u00e9s, italiano y espa\u00f1ol para extranjeros. Pr\u00f3ximamente, se incorporar\u00e1n los idiomas alem\u00e1n y portugu\u00e9s, ampliando las oportunidades de aprendizaje. Este proyecto tambi\u00e9n gener\u00f3 empleo para ocho profesores especializados y estableci\u00f3 alianzas estrat\u00e9gicas con universidades de prestigio como Cambridge y Oxford.<\/p>\n\n\n\n<p><strong>Fortalecimiento del modelo de educaci\u00f3n dual<\/strong><br>En cuanto a la vinculaci\u00f3n con el sector productivo, la UTBB fortaleci\u00f3 el modelo de educaci\u00f3n dual, que busca integrar a los estudiantes en el \u00e1mbito laboral durante su formaci\u00f3n acad\u00e9mica. Con una red de m\u00e1s de 500 empresas colaboradoras, se logr\u00f3 una tasa de empleabilidad del 90% para los egresados. Asimismo, se generaron 43 nuevas plazas laborales dentro de la instituci\u00f3n y se mantuvo el apoyo a los colaboradores mediante la entrega de bonos por antig\u00fcedad y la regularizaci\u00f3n del IMSS para personal contratado.<\/p>\n\n\n\n<p><strong>Gesti\u00f3n transparente y sostenibilidad<\/strong><\/p>\n\n\n\n<p>En el \u00e1mbito financiero, Rivera Delgadillo resalt\u00f3 que la instituci\u00f3n increment\u00f3 sus ingresos propios en un 150%, gracias a proyectos clave como el Hotel-Escuela Gran Nayar, que aport\u00f3 m\u00e1s de 2 millones de pesos, y el laboratorio de idiomas, con ingresos de casi un mill\u00f3n de pesos.<br>Estos recursos permitieron avanzar en la recuperaci\u00f3n y mantenimiento de espacios clave como laboratorios, cocinas de gastronom\u00eda y paradas inteligentes de transporte p\u00fablico.Finalmente, el rector enfatiz\u00f3 los esfuerzos en transparencia y cultura organizacional, subrayando que la UTBB es la primera instituci\u00f3n p\u00fablica de Nayarit en recibir la certificaci\u00f3n de \u201cCero Tolerancia al Hostigamiento y Acoso Sexual\u201d. Tambi\u00e9n destac\u00f3 la entrega de 1,542 t\u00edtulos que hab\u00edan quedado rezagados en administraciones anteriores, logrando con ello un cierre administrativo sin pendientes en este \u00e1mbito.<br>Al concluir, Rivera Delgadillo expres\u00f3 su orgullo por los avances alcanzados y reafirm\u00f3 el compromiso de la UTBB con la excelencia acad\u00e9mica, la innovaci\u00f3n tecnol\u00f3gica y el impacto social en la regi\u00f3n.<br>\u201cHoy, la UTBB se consolida como una universidad inteligente, incluyente y comprometida con el bienestar social y el desarrollo acad\u00e9mico de Nayarit,\u201d concluy\u00f3 el rector.<\/p>\n","protected":false},"excerpt":{"rendered":"<p>La UT Bah\u00eda de Banderas Transforma la Educaci\u00f3n en Nayarit *El rector Isaak Rivera Delgadillo destaca logros hist\u00f3ricos en matr\u00edcula, infraestructura y vinculaci\u00f3n internacional. El rector de la Universidad Tecnol\u00f3gica de Bah\u00eda de Banderas (UTBB), Isaak Rivera Delgadillo, present\u00f3 su segundo informe anual de rendici\u00f3n de cuentas por el periodo escolar 2024. Ante una audiencia [&hellip;]<\/p>\n","protected":false},"author":1,"featured_media":0,"parent":0,"menu_order":0,"comment_status":"closed","ping_status":"closed","template":"","meta":{"footnotes":""},"class_list":["post-3486","page","type-page","status-publish","hentry","latest_post"],"_links":{"self":[{"href":"https:\/\/www.utbb.edu.mx\/index.php?rest_route=\/wp\/v2\/pages\/3486","targetHints":{"allow":["GET"]}}],"collection":[{"href":"https:\/\/www.utbb.edu.mx\/index.php?rest_route=\/wp\/v2\/pages"}],"about":[{"href":"https:\/\/www.utbb.edu.mx\/index.php?rest_route=\/wp\/v2\/types\/page"}],"author":[{"embeddable":true,"href":"https:\/\/www.utbb.edu.mx\/index.php?rest_route=\/wp\/v2\/users\/1"}],"replies":[{"embeddable":true,"href":"https:\/\/www.utbb.edu.mx\/index.php?rest_route=%2Fwp%2Fv2%2Fcomments&post=3486"}],"version-history":[{"count":11,"href":"https:\/\/www.utbb.edu.mx\/index.php?rest_route=\/wp\/v2\/pages\/3486\/revisions"}],"predecessor-version":[{"id":3537,"href":"https:\/\/www.utbb.edu.mx\/index.php?rest_route=\/wp\/v2\/pages\/3486\/revisions\/3537"}],"wp:attachment":[{"href":"https:\/\/www.utbb.edu.mx\/index.php?rest_route=%2Fwp%2Fv2%2Fmedia&parent=3486"}],"curies":[{"name":"wp","href":"https:\/\/api.w.org\/{rel}","templated":true}]}}