{"id":2,"date":"2022-03-22T19:51:44","date_gmt":"2022-03-22T19:51:44","guid":{"rendered":"http:\/\/192.168.100.85\/wordpress\/?page_id=2"},"modified":"2025-06-03T16:15:39","modified_gmt":"2025-06-03T22:15:39","slug":"pagina-ejemplo","status":"publish","type":"page","link":"https:\/\/www.utbb.edu.mx\/?page_id=2","title":{"rendered":"Hotel Escuela"},"content":{"rendered":"\n<p class=\"justificar\">El Hotel Escuela de la Universidad Tecnol\u00f3gica de Bah\u00eda de Banderas es un complejo tur\u00edstico de primer nivel que ofrece sus servicios de hospedaje a la poblaci\u00f3n general, turismo nacional e internacional.<\/p>\n\n\n\n<p class=\"justificar\">Est\u00e1 integrado por 16 habitaciones totalmente equipadas para garantizar una estancia placentera, tambi\u00e9n ofrece espacios al aire libre, salas de juntas y salones para realizar eventos sociales, culturales y corporativos, adem\u00e1s de contar con amenidades como lo son piscina, SPA y restaurant bar.<\/p>\n\n\n\n<p class=\"justificar\">Este proyecto es un logro de las autoridades del gobierno del Estado de Nayarit a trav\u00e9s de la Secretar\u00eda de Educaci\u00f3n Publica Estatal y de la Direcci\u00f3n de Universidades Tecnol\u00f3gicas a nivel nacional, quienes junto con la comunidad universitaria de la Universidad Tecnol\u00f3gica de Bah\u00eda de Banderas han contribuido a que este Hotel sea una realidad.<\/p>\n\n\n\n<p class=\"justificar\">El Hotel Escuela de la Universidad Tecnol\u00f3gica de Bah\u00eda de Banderas es un proyecto \u00fanico en su tipo a nivel Latinoam\u00e9rica y tiene la finalidad de ser un espacio para seguir capacitando y profesionalizando a nuestros alumnos, ya que muchos de ellos aqu\u00ed prestar\u00e1n sus servicios siguiendo los m\u00e1s altos est\u00e1ndares de calidad en atenci\u00f3n al cliente.<\/p>\n\n\n\n<p class=\"justificar\">T\u00fa tambi\u00e9n puedes ser parte de esta experiencia, cont\u00e1ctanos para recibir m\u00e1s informaci\u00f3n.<\/p>\n\n\n\n<figure class=\"wp-block-video\"><video height=\"480\" style=\"aspect-ratio: 848 \/ 480;\" width=\"848\" controls src=\"http:\/\/www.utbb.edu.mx\/wp-content\/uploads\/2024\/07\/Hotel-Escuela.mp4\"><\/video><\/figure>\n\n\n\n<h5 class=\"wp-block-heading\"><strong>Contacto<\/strong><\/h5>\n\n\n\n<p>Recepci\u00f3n \u201cLobby\u201d Hotel-Escuela<\/p>\n\n\n\n<h5 class=\"wp-block-heading\"><strong>Correo Institucional<\/strong><\/h5>\n\n\n\n<p><a href=\"mailto:eregino@utbb.edu.mx\">reservacionesgrannayar@utbb.edu.mx<\/a><\/p>\n\n\n\n<p><a href=\"mailto:eregino@utbb.edu.mx\">ventasgrannayar@utbb.edu.mx<\/a><\/p>\n\n\n\n<p><\/p>\n\n\n\n<p><br><\/p>\n\n\n\n<h5 class=\"wp-block-heading\"><\/h5>\n\n\n\n<div class=\"wp-block-jetpack-send-a-message\"><\/div>\n","protected":false},"excerpt":{"rendered":"<p>El Hotel Escuela de la Universidad Tecnol\u00f3gica de Bah\u00eda de Banderas es un complejo tur\u00edstico de primer nivel que ofrece sus servicios de hospedaje a la poblaci\u00f3n general, turismo nacional e internacional. Est\u00e1 integrado por 16 habitaciones totalmente equipadas para garantizar una estancia placentera, tambi\u00e9n ofrece espacios al aire libre, salas de juntas y salones [&hellip;]<\/p>\n","protected":false},"author":1,"featured_media":2047,"parent":0,"menu_order":0,"comment_status":"closed","ping_status":"open","template":"","meta":{"footnotes":""},"class_list":["post-2","page","type-page","status-publish","has-post-thumbnail","hentry","latest_post"],"_links":{"self":[{"href":"https:\/\/www.utbb.edu.mx\/index.php?rest_route=\/wp\/v2\/pages\/2","targetHints":{"allow":["GET"]}}],"collection":[{"href":"https:\/\/www.utbb.edu.mx\/index.php?rest_route=\/wp\/v2\/pages"}],"about":[{"href":"https:\/\/www.utbb.edu.mx\/index.php?rest_route=\/wp\/v2\/types\/page"}],"author":[{"embeddable":true,"href":"https:\/\/www.utbb.edu.mx\/index.php?rest_route=\/wp\/v2\/users\/1"}],"replies":[{"embeddable":true,"href":"https:\/\/www.utbb.edu.mx\/index.php?rest_route=%2Fwp%2Fv2%2Fcomments&post=2"}],"version-history":[{"count":12,"href":"https:\/\/www.utbb.edu.mx\/index.php?rest_route=\/wp\/v2\/pages\/2\/revisions"}],"predecessor-version":[{"id":3733,"href":"https:\/\/www.utbb.edu.mx\/index.php?rest_route=\/wp\/v2\/pages\/2\/revisions\/3733"}],"wp:featuredmedia":[{"embeddable":true,"href":"https:\/\/www.utbb.edu.mx\/index.php?rest_route=\/wp\/v2\/media\/2047"}],"wp:attachment":[{"href":"https:\/\/www.utbb.edu.mx\/index.php?rest_route=%2Fwp%2Fv2%2Fmedia&parent=2"}],"curies":[{"name":"wp","href":"https:\/\/api.w.org\/{rel}","templated":true}]}}