{"id":1217,"date":"2023-05-26T18:03:35","date_gmt":"2023-05-26T18:03:35","guid":{"rendered":"http:\/\/www.utbb.edu.mx\/?page_id=1217"},"modified":"2025-08-14T11:49:38","modified_gmt":"2025-08-14T17:49:38","slug":"licenciatura-en-contaduria","status":"publish","type":"page","link":"https:\/\/www.utbb.edu.mx\/?page_id=1217","title":{"rendered":"Licenciatura en Contadur\u00eda"},"content":{"rendered":"\n<figure class=\"wp-block-image size-full\"><img loading=\"lazy\" decoding=\"async\" width=\"250\" height=\"250\" src=\"http:\/\/192.168.22.9\/utbb.edu.mx\/wp-content\/uploads\/2025\/01\/LOGO-CONTADURIA-COLORES2.jpg\" alt=\"\" class=\"wp-image-3568\" srcset=\"https:\/\/www.utbb.edu.mx\/wp-content\/uploads\/2025\/01\/LOGO-CONTADURIA-COLORES2.jpg 250w, https:\/\/www.utbb.edu.mx\/wp-content\/uploads\/2025\/01\/LOGO-CONTADURIA-COLORES2-150x150.jpg 150w, https:\/\/www.utbb.edu.mx\/wp-content\/uploads\/2025\/01\/LOGO-CONTADURIA-COLORES2-246x246.jpg 246w, https:\/\/www.utbb.edu.mx\/wp-content\/uploads\/2025\/01\/LOGO-CONTADURIA-COLORES2-185x185.jpg 185w, https:\/\/www.utbb.edu.mx\/wp-content\/uploads\/2025\/01\/LOGO-CONTADURIA-COLORES2-220x220.jpg 220w, https:\/\/www.utbb.edu.mx\/wp-content\/uploads\/2025\/01\/LOGO-CONTADURIA-COLORES2-60x60.jpg 60w\" sizes=\"auto, (max-width: 250px) 100vw, 250px\" \/><\/figure>\n\n\n\n<p class=\"justificar\">El egresado de <strong>Licenciatura en Contadur\u00eda<\/strong> cuenta con las competencias profesionales necesarias para su desempe\u00f1o en el campo laboral, en el \u00e1mbito local, regional y nacional.<\/p>\n\n\n\n<p class=\"justificar\">El egresado de <strong>Licenciatura en Contadur\u00eda<\/strong> se distingue por poseer las competencias profesionales esenciales que respaldan su desempe\u00f1o con \u00e9xito en el din\u00e1mico entorno laboral, abarcando tanto el \u00e1mbito local como el regional y nacional. Este perfil integral no solo se ajusta a las demandas actuales del sector, sino que tambi\u00e9n anticipa y se adapta a las transformaciones y desaf\u00edos emergentes de la <strong>Licenciatura en Contadur\u00eda<\/strong>. Su capacidad para integrar conocimientos t\u00e9cnicos especializados, habilidades anal\u00edticas y una visi\u00f3n innovadora lo posiciona como un profesional altamente calificado y preparado para contribuir significativamente al avance de la disciplina y a la resoluci\u00f3n eficiente de problem\u00e1ticas complejas en distintos contextos.<\/p>\n\n\n\n<div class=\"wp-block-gutena-tabs gutena-tabs-block gutena-tabs-block-400b17-4d tablet-scroll mobile-scroll\"><ul class=\"gutena-tabs-tab tab-center\"><li class=\"gutena-tab-title active\" data-tab=\"1\"><div class=\"gutena-tab-title-content icon-top\"><div class=\"gutena-tab-title-icon\"><svg xmlns=\"http:\/\/www.w3.org\/2000\/svg\" viewBox=\"0 0 24 24\" width=\"32\" height=\"32\" aria-hidden=\"true\"><path fill-rule=\"evenodd\" d=\"M7.25 16.437a6.5 6.5 0 1 1 9.5 0V16A2.75 2.75 0 0 0 14 13.25h-4A2.75 2.75 0 0 0 7.25 16v.437Zm1.5 1.193a6.47 6.47 0 0 0 3.25.87 6.47 6.47 0 0 0 3.25-.87V16c0-.69-.56-1.25-1.25-1.25h-4c-.69 0-1.25.56-1.25 1.25v1.63ZM4 12a8 8 0 1 1 16 0 8 8 0 0 1-16 0Zm10-2a2 2 0 1 1-4 0 2 2 0 0 1 4 0Z\" clip-rule=\"evenodd\"><\/path><\/svg><\/div><div class=\"gutena-tab-title-text\"><div><strong>Perfil de ingreso<\/strong><\/div><\/div><\/div><\/li><li class=\"gutena-tab-title inactive\" data-tab=\"2\"><div class=\"gutena-tab-title-content icon-top\"><div class=\"gutena-tab-title-icon\"><svg xmlns=\"http:\/\/www.w3.org\/2000\/svg\" viewBox=\"0 0 24 24\" width=\"32\" height=\"32\" aria-hidden=\"true\"><path d=\"M16.7 7.1l-6.3 8.5-3.3-2.5-.9 1.2 4.5 3.4L17.9 8z\"><\/path><\/svg><\/div><div class=\"gutena-tab-title-text\"><div><strong>Competencias profesionales<\/strong><\/div><\/div><\/div><\/li><li class=\"gutena-tab-title inactive\" data-tab=\"3\"><div class=\"gutena-tab-title-content icon-top\"><div class=\"gutena-tab-title-icon\"><svg xmlns=\"http:\/\/www.w3.org\/2000\/svg\" viewBox=\"0 0 24 24\" width=\"32\" height=\"32\" aria-hidden=\"true\"><path d=\"M14.103 7.128l2.26-2.26a4 4 0 00-5.207 4.804L5.828 15a2 2 0 102.828 2.828l5.329-5.328a4 4 0 004.804-5.208l-2.261 2.26-1.912-.512-.513-1.912zm-7.214 9.64a.5.5 0 11.707-.707.5.5 0 01-.707.707z\"><\/path><\/svg><\/div><div class=\"gutena-tab-title-text\"><div><strong>Campo laboral<\/strong><\/div><\/div><\/div><\/li><li class=\"gutena-tab-title inactive\" data-tab=\"4\"><div class=\"gutena-tab-title-content icon-top\"><div class=\"gutena-tab-title-icon\"><svg xmlns=\"http:\/\/www.w3.org\/2000\/svg\" viewBox=\"0 0 24 24\" width=\"32\" height=\"32\" aria-hidden=\"true\"><path d=\"M18.7 3H5.3C4 3 3 4 3 5.3v13.4C3 20 4 21 5.3 21h13.4c1.3 0 2.3-1 2.3-2.3V5.3C21 4 20 3 18.7 3zm.8 15.7c0 .4-.4.8-.8.8H5.3c-.4 0-.8-.4-.8-.8V5.3c0-.4.4-.8.8-.8h6.2v8.9l2.5-3.1 2.5 3.1V4.5h2.2c.4 0 .8.4.8.8v13.4z\"><\/path><\/svg><\/div><div class=\"gutena-tab-title-text\"><div><strong>Plan de Estudios<\/strong><\/div><\/div><\/div><\/li><li class=\"gutena-tab-title inactive\" data-tab=\"5\"><div class=\"gutena-tab-title-content icon-top\"><div class=\"gutena-tab-title-icon\"><svg viewBox=\"0 0 24 24\" xmlns=\"http:\/\/www.w3.org\/2000\/svg\" width=\"32\" height=\"32\" aria-hidden=\"true\"><path d=\"M6 5.5h3a.5.5 0 01.5.5v3a.5.5 0 01-.5.5H6a.5.5 0 01-.5-.5V6a.5.5 0 01.5-.5zM4 6a2 2 0 012-2h3a2 2 0 012 2v3a2 2 0 01-2 2H6a2 2 0 01-2-2V6zm11-.5h3a.5.5 0 01.5.5v3a.5.5 0 01-.5.5h-3a.5.5 0 01-.5-.5V6a.5.5 0 01.5-.5zM13 6a2 2 0 012-2h3a2 2 0 012 2v3a2 2 0 01-2 2h-3a2 2 0 01-2-2V6zm5 8.5h-3a.5.5 0 00-.5.5v3a.5.5 0 00.5.5h3a.5.5 0 00.5-.5v-3a.5.5 0 00-.5-.5zM15 13a2 2 0 00-2 2v3a2 2 0 002 2h3a2 2 0 002-2v-3a2 2 0 00-2-2h-3zm-9 1.5h3a.5.5 0 01.5.5v3a.5.5 0 01-.5.5H6a.5.5 0 01-.5-.5v-3a.5.5 0 01.5-.5zM4 15a2 2 0 012-2h3a2 2 0 012 2v3a2 2 0 01-2 2H6a2 2 0 01-2-2v-3z\" fill-rule=\"evenodd\" clip-rule=\"evenodd\"><\/path><\/svg><\/div><div class=\"gutena-tab-title-text\"><div><strong>Laboratorios<\/strong><\/div><\/div><\/div><\/li><\/ul><div class=\"gutena-tabs-content is-layout-flow wp-block-gutena-tabs-is-layout-flow\">\n<div class=\"wp-block-gutena-tab gutena-tab-block gutena-tab-block-f9cac9-81 active\" data-tab=\"1\">\n<p>El aspirante a la Universidad y al programa educativo en <strong>Licenciatura en Contadur\u00eda<\/strong> se caracterizar\u00e1 idealmente por poseer:<\/p>\n\n\n\n<h4 class=\"wp-block-heading\">Habilidades y capacidades transversales:<\/h4>\n\n\n\n<ul class=\"wp-block-list\">\n<li>Habilidad para indagar, analizar y transmitir informaci\u00f3n procedente de diversas fuentes.<\/li>\n\n\n\n<li>Habilidad para escuchar, interpretar y expresar mensajes en distintos contextos.<\/li>\n\n\n\n<li>Capacidad para expresar de forma clara sus ideas tanto oral como escrita.<\/li>\n\n\n\n<li>Capacidad para resolver problemas a partir de m\u00e9todos establecidos.<\/li>\n\n\n\n<li>Capacidad para aprender por iniciativa propia a lo largo de la vida.<\/li>\n\n\n\n<li>Capacidad de trabajar de manera colaborativa para el cumplimiento de metas.<\/li>\n\n\n\n<li>Fomentar la inclusi\u00f3n, reconocimiento y respeto por la diversidad cultural, de creencias, valores, ideas, pr\u00e1cticas sociales y de g\u00e9nero.<\/li>\n\n\n\n<li>Inter\u00e9s por participar con una conciencia c\u00edvica y \u00e9tica en la vida de su comunidad, regi\u00f3n, entidad, M\u00e9xico y el mundo.<\/li>\n<\/ul>\n\n\n\n<h4 class=\"wp-block-heading\">Habilidades y capacidades espec\u00edficas del perfil de ingreso:<\/h4>\n\n\n\n<ul class=\"wp-block-list\">\n<li>Habilidad de razonamiento l\u00f3gico para la b\u00fasqueda de alternativas.<\/li>\n\n\n\n<li>Habilidad en el uso de las tecnolog\u00edas de la informaci\u00f3n y comunicaci\u00f3n.<\/li>\n\n\n\n<li>Habilidad para trabajar en equipo orientado al resultado.<\/li>\n\n\n\n<li>Habilidad elemental de comunicaci\u00f3n en un segundo idioma.<\/li>\n\n\n\n<li>Capacidad de analizar, evaluar y resolver problemas b\u00e1sicos de matem\u00e1ticas.<\/li>\n\n\n\n<li>Capacidad de comunicaci\u00f3n en forma oral y escrita.<\/li>\n\n\n\n<li>Capacidad para comprender principios \u00e9ticos, compromiso con la transparencia, la integridad y la responsabilidad social.<\/li>\n\n\n\n<li>Inter\u00e9s en el \u00e1rea econ\u00f3mico-administrativa.<\/li>\n\n\n\n<li>Inter\u00e9s para trabajar en equipos aceptando la diversidad cultural, social y disciplinar.<\/li>\n<\/ul>\n<\/div>\n\n\n\n<div class=\"wp-block-gutena-tab gutena-tab-block gutena-tab-block-82c4d6-72 inactive\" data-tab=\"2\">\n<ol class=\"wp-block-list\">\n<li class=\"justificar\">Valuar las operaciones del ente econ\u00f3mico aplicando las NIF para integrar la informaci\u00f3n financiera que sirvan de base para la tomade decisiones.<\/li>\n\n\n\n<li class=\"justificar\">Integrar la informaci\u00f3n financiera del ente econ\u00f3mico, de acuerdo con las normas, procedimientos y disposiciones legales, para contribuir a la toma de decisiones en materia de finanzas, auditor\u00eda, costos y fiscal.<\/li>\n\n\n\n<li class=\"justificar\">Evaluar la informaci\u00f3n financiera del ente econ\u00f3mico, de acuerdo con las normas, procedimientos y disposiciones legales vigentes para contribuir a la toma de decisiones en la optimizaci\u00f3n de recursos.<\/li>\n<\/ol>\n<\/div>\n\n\n\n<div class=\"wp-block-gutena-tab gutena-tab-block gutena-tab-block-3cfa34-27 inactive\" data-tab=\"3\">\n<h4 class=\"wp-block-heading\">Escenario de actuaci\u00f3n<\/h4>\n\n\n\n<p>El egresado de <strong>Licenciatura en Contadur\u00eda<\/strong> podr\u00e1 desenvolverse en las siguientes unidades productivas y sociales tales como:<\/p>\n\n\n\n<ul class=\"wp-block-list\">\n<li>Empresas grandes, medianas, peque\u00f1as y microempresas.<\/li>\n\n\n\n<li>Empresas privadas dedicadas a la producci\u00f3n y comercializaci\u00f3n de bienes y servicios.<\/li>\n\n\n\n<li>Dependencias p\u00fablicas federales, estatales y municipales.<\/li>\n\n\n\n<li>Su propio despacho proporcionando servicios de consultor\u00eda (contable, financiera, auditor\u00eda y fiscal).<\/li>\n\n\n\n<li>Su propia empresa.<\/li>\n<\/ul>\n\n\n\n<h4 class=\"wp-block-heading\">Ocupaciones profesionales<\/h4>\n\n\n\n<p>El egresado de <strong>Licenciatura en Contadur\u00eda<\/strong> podr\u00e1 desempe\u00f1arse atendiendo los siguientes puestos de trabajo:<\/p>\n\n\n\n<ul class=\"wp-block-list\">\n<li>Contador General e independiente.<\/li>\n\n\n\n<li>Auditor interno y externo.<\/li>\n\n\n\n<li>Contralor interno.<\/li>\n\n\n\n<li>Asesor fiscal.<\/li>\n\n\n\n<li>Emprendedor.<\/li>\n\n\n\n<li>Analista de costos.<\/li>\n\n\n\n<li>Asesor financiero.<\/li>\n\n\n\n<li>Perito contable.<\/li>\n<\/ul>\n<\/div>\n\n\n\n<div class=\"wp-block-gutena-tab gutena-tab-block gutena-tab-block-55ccc5-cf inactive\" data-tab=\"4\">\n<div class=\"wp-block-columns is-layout-flex wp-container-core-columns-is-layout-9d6595d7 wp-block-columns-is-layout-flex\">\n<div class=\"wp-block-column is-layout-flow wp-block-column-is-layout-flow\">\n<h4 class=\"wp-block-heading\"><strong>Cuatrimestre 1<\/strong><\/h4>\n\n\n\n<ul class=\"wp-block-list\">\n<li><a href=\"http:\/\/www.utbb.edu.mx\/wp-content\/uploads\/2024\/11\/INGLES-I.pdf\" data-type=\"link\" data-id=\"http:\/\/192.168.22.9\/utbb.edu.mx\/wp-content\/uploads\/2024\/11\/INGLES-I.pdf\" target=\"_blank\" rel=\"noreferrer noopener\">Ingl\u00e9s I<\/a><\/li>\n\n\n\n<li><a href=\"http:\/\/www.utbb.edu.mx\/wp-content\/uploads\/2024\/11\/DESARROLLO-HUMANO-Y-VALORES.pdf\" target=\"_blank\" rel=\"noreferrer noopener\">Desarrollo Humano y Valores<\/a><\/li>\n\n\n\n<li><a href=\"http:\/\/www.utbb.edu.mx\/wp-content\/uploads\/2024\/11\/MATEMATICAS-PARA-NEGOCIOS.pdf\" target=\"_blank\" rel=\"noreferrer noopener\">Matem\u00e1ticas para Negocios<\/a><\/li>\n\n\n\n<li><a href=\"http:\/\/www.utbb.edu.mx\/wp-content\/uploads\/2024\/11\/INFORMATICA.pdf\" target=\"_blank\" rel=\"noreferrer noopener\">Inform\u00e1tica<\/a><\/li>\n\n\n\n<li><a href=\"http:\/\/www.utbb.edu.mx\/wp-content\/uploads\/2024\/11\/FUNDAMENTOS-DE-ADMINISTRACION.pdf\" target=\"_blank\" rel=\"noreferrer noopener\">Fundamentos de Administraci\u00f3n<\/a><\/li>\n\n\n\n<li><a href=\"http:\/\/www.utbb.edu.mx\/wp-content\/uploads\/2024\/11\/CONTABILIDAD-BASICA.pdf\" target=\"_blank\" rel=\"noreferrer noopener\">Contabilidad B\u00e1sica<\/a><\/li>\n\n\n\n<li><a href=\"http:\/\/www.utbb.edu.mx\/wp-content\/uploads\/2024\/11\/COMUNICACION-Y-HABILIDADES-DIGITALES.pdf\" data-type=\"link\" data-id=\"http:\/\/192.168.22.9\/utbb.edu.mx\/wp-content\/uploads\/2024\/11\/COMUNICACION-Y-HABILIDADES-DIGITALES.pdf\" target=\"_blank\" rel=\"noreferrer noopener\">Comunicaci\u00f3n y Habilidades Digitales<\/a><\/li>\n<\/ul>\n\n\n\n<h4 class=\"wp-block-heading\"><strong>Cuatrimestre 2<\/strong><\/h4>\n\n\n\n<ul class=\"wp-block-list\">\n<li><a href=\"http:\/\/www.utbb.edu.mx\/wp-content\/uploads\/2024\/11\/INGLES-II.pdf\" target=\"_blank\" rel=\"noreferrer noopener\">Ingl\u00e9s II<\/a><\/li>\n\n\n\n<li><a href=\"http:\/\/www.utbb.edu.mx\/wp-content\/uploads\/2024\/11\/HABILIDADES-SOCIOEMOCIONALES-Y-MANEJO-DE-CONFLICTOS.pdf\" target=\"_blank\" rel=\"noreferrer noopener\">Habilidades Socioemocionales y Manejo de Conflictos<\/a><\/li>\n\n\n\n<li><a href=\"http:\/\/www.utbb.edu.mx\/wp-content\/uploads\/2024\/11\/ESTADISTICA-PARA-NEGOCIOS.pdf\" target=\"_blank\" rel=\"noreferrer noopener\">Estad\u00edstica para Negocios<\/a><\/li>\n\n\n\n<li><a href=\"http:\/\/www.utbb.edu.mx\/wp-content\/uploads\/2024\/11\/DERECHO-LABORAL.pdf\" target=\"_blank\" rel=\"noreferrer noopener\">Derecho Laboral<\/a><\/li>\n\n\n\n<li><a href=\"http:\/\/www.utbb.edu.mx\/wp-content\/uploads\/2024\/11\/DERECHO-MERCANTIL-Y-CIVIL.pdf\" target=\"_blank\" rel=\"noreferrer noopener\">Derecho Mercantil y Civil<\/a><\/li>\n\n\n\n<li><a href=\"http:\/\/www.utbb.edu.mx\/wp-content\/uploads\/2024\/11\/CONTABILIDAD-INTERMEDIA.pdf\" target=\"_blank\" rel=\"noreferrer noopener\">Contabilidad Intermedia<\/a><\/li>\n\n\n\n<li><a href=\"http:\/\/www.utbb.edu.mx\/wp-content\/uploads\/2024\/11\/ECONOMIA.pdf\" target=\"_blank\" rel=\"noreferrer noopener\">Econom\u00eda<\/a><\/li>\n<\/ul>\n\n\n\n<h4 class=\"wp-block-heading\"><strong>Cuatrimestre 3<\/strong><\/h4>\n\n\n\n<ul class=\"wp-block-list\">\n<li><a href=\"http:\/\/www.utbb.edu.mx\/wp-content\/uploads\/2024\/11\/INGLES-III.pdf\" target=\"_blank\" rel=\"noreferrer noopener\">Ingl\u00e9s III<\/a><\/li>\n\n\n\n<li><a href=\"http:\/\/www.utbb.edu.mx\/wp-content\/uploads\/2024\/11\/DESARROLLO-DEL-PENSAMIENTO-Y-TOMA-DE-DECISIONES.pdf\" target=\"_blank\" rel=\"noreferrer noopener\">Desarrollo del Pensamiento y toma de Decisiones<\/a><\/li>\n\n\n\n<li><a href=\"http:\/\/www.utbb.edu.mx\/wp-content\/uploads\/2024\/11\/MATEMATICAS-FINANCIERAS.pdf\" target=\"_blank\" rel=\"noreferrer noopener\">Matem\u00e1ticas Financieras<\/a><\/li>\n\n\n\n<li><a href=\"http:\/\/www.utbb.edu.mx\/wp-content\/uploads\/2024\/11\/DERECHO-FISCAL.pdf\" target=\"_blank\" rel=\"noreferrer noopener\">Derecho Fiscal<\/a><\/li>\n\n\n\n<li><a href=\"http:\/\/www.utbb.edu.mx\/wp-content\/uploads\/2024\/11\/CONTABILIDAD-DE-SOCIEDADES.pdf\" target=\"_blank\" rel=\"noreferrer noopener\">Contabilidad de Sociedades<\/a><\/li>\n\n\n\n<li><a href=\"http:\/\/www.utbb.edu.mx\/wp-content\/uploads\/2024\/11\/CONTABILIDAD-SUPERIOR.pdf\" target=\"_blank\" rel=\"noreferrer noopener\">Contabilidad Superior<\/a><\/li>\n\n\n\n<li><a href=\"http:\/\/www.utbb.edu.mx\/wp-content\/uploads\/2024\/11\/PROYECTO-INTEGRADOR-I.pdf\" target=\"_blank\" rel=\"noreferrer noopener\">Proyecto Integrador I<\/a><\/li>\n<\/ul>\n\n\n\n<h4 class=\"wp-block-heading\"><strong>Cuatrimestre 4<\/strong><\/h4>\n\n\n\n<ul class=\"wp-block-list\">\n<li><a href=\"http:\/\/www.utbb.edu.mx\/wp-content\/uploads\/2024\/11\/INGLES-IV.pdf\" target=\"_blank\" rel=\"noreferrer noopener\">Ingl\u00e9s IV<\/a><\/li>\n\n\n\n<li><a href=\"http:\/\/www.utbb.edu.mx\/wp-content\/uploads\/2024\/11\/ETICA-PROFESIONAL.pdf\" target=\"_blank\" rel=\"noreferrer noopener\">\u00c9tica Profesional<\/a><\/li>\n\n\n\n<li><a href=\"http:\/\/www.utbb.edu.mx\/wp-content\/uploads\/2024\/11\/ANALISIS-E-INTERPRETACION-DE-ESTADOS-FINANCIEROS.pdf\" target=\"_blank\" rel=\"noreferrer noopener\">An\u00e1lisis e Interpretaci\u00f3n de Estados Financieros<\/a><\/li>\n\n\n\n<li><a href=\"http:\/\/www.utbb.edu.mx\/wp-content\/uploads\/2024\/11\/CONTRIBUCIONES-DE-PERSONAS-MORALES.pdf\" target=\"_blank\" rel=\"noreferrer noopener\">Contribuciones de Personas Morales<\/a><\/li>\n\n\n\n<li><a href=\"http:\/\/www.utbb.edu.mx\/wp-content\/uploads\/2024\/11\/PRESUPUESTOS.pdf\" target=\"_blank\" rel=\"noreferrer noopener\">Presupuestos<\/a><\/li>\n\n\n\n<li><a href=\"http:\/\/www.utbb.edu.mx\/wp-content\/uploads\/2024\/11\/CONTABILIDAD-DE-COSTOS.pdf\" target=\"_blank\" rel=\"noreferrer noopener\">Contabilidad de Costos I<\/a><\/li>\n\n\n\n<li><a href=\"http:\/\/www.utbb.edu.mx\/wp-content\/uploads\/2024\/11\/COMERCIO-EXTERIOR.pdf\" target=\"_blank\" rel=\"noreferrer noopener\">Comercio Exterior<\/a><\/li>\n<\/ul>\n\n\n\n<h4 class=\"wp-block-heading\"><strong>Cuatrimestre 5<\/strong><\/h4>\n\n\n\n<ul class=\"wp-block-list\">\n<li><a href=\"http:\/\/www.utbb.edu.mx\/wp-content\/uploads\/2024\/11\/INGLES-V.pdf\" target=\"_blank\" rel=\"noreferrer noopener\">Ingl\u00e9s V<\/a><\/li>\n\n\n\n<li><a href=\"http:\/\/www.utbb.edu.mx\/wp-content\/uploads\/2024\/11\/LIDERAZGO-DE-EQUIPOS-DE-ALTO-DESEMPENO.pdf\" target=\"_blank\" rel=\"noreferrer noopener\">Liderazgo de Equipos de Alto Desempe\u00f1o<\/a><\/li>\n\n\n\n<li><a href=\"http:\/\/www.utbb.edu.mx\/wp-content\/uploads\/2024\/11\/FUNDAMENTOS-DE-AUDITORIA.pdf\" target=\"_blank\" rel=\"noreferrer noopener\">Fundamentos de Auditor\u00eda<\/a><\/li>\n\n\n\n<li><a href=\"http:\/\/www.utbb.edu.mx\/wp-content\/uploads\/2024\/11\/CONTRIBUCIONES-DE-PERSONAS-FISICAS.pdf\" target=\"_blank\" rel=\"noreferrer noopener\">Contribuciones de Personas F\u00edsicas<\/a><\/li>\n\n\n\n<li><a href=\"http:\/\/www.utbb.edu.mx\/wp-content\/uploads\/2024\/11\/SUELDOS-Y-SALARIOS.pdf\" target=\"_blank\" rel=\"noreferrer noopener\">Sueldos y Salarios<\/a><\/li>\n\n\n\n<li><a href=\"http:\/\/www.utbb.edu.mx\/wp-content\/uploads\/2024\/11\/CONTABILIDAD-DE-COSTOS-II.pdf\" target=\"_blank\" rel=\"noreferrer noopener\">Contabilidad De Costos II<\/a><\/li>\n\n\n\n<li><a href=\"http:\/\/www.utbb.edu.mx\/wp-content\/uploads\/2024\/11\/PROYECTO-INTEGRADOR-II.pdf\" target=\"_blank\" rel=\"noreferrer noopener\">Proyecto Integrador II<\/a><\/li>\n<\/ul>\n\n\n\n<h4 class=\"wp-block-heading\"><strong>Cuatrimestre 6<\/strong> <\/h4>\n\n\n\n<ul class=\"wp-block-list\">\n<li>Estad\u00eda<\/li>\n<\/ul>\n\n\n\n<p><strong><a href=\"https:\/\/drive.google.com\/drive\/folders\/1Kog6SRGmgpNaNTuAM6_oWM7SybBnIdUD?usp=sharing\" target=\"_blank\" rel=\"noreferrer noopener\">Plan de Estudios 2020<\/a><\/strong><\/p>\n<\/div>\n\n\n\n<div class=\"wp-block-column is-layout-flow wp-block-column-is-layout-flow\">\n<h4 class=\"wp-block-heading\"><strong>Cuatrimestre <\/strong>7<\/h4>\n\n\n\n<ul class=\"wp-block-list\">\n<li><a href=\"http:\/\/www.utbb.edu.mx\/wp-content\/uploads\/2024\/11\/INGLES-VI.pdf\" target=\"_blank\" rel=\"noreferrer noopener\">Ingl\u00e9s VI<\/a><\/li>\n\n\n\n<li><a href=\"http:\/\/www.utbb.edu.mx\/wp-content\/uploads\/2024\/11\/HABILIDADES-GERENCIALES.pdf\" target=\"_blank\" rel=\"noreferrer noopener\">Habilidades Gerenciales<\/a><\/li>\n\n\n\n<li><a href=\"http:\/\/www.utbb.edu.mx\/wp-content\/uploads\/2024\/11\/MERCADO-DE-VALORES.pdf\" target=\"_blank\" rel=\"noreferrer noopener\">Mercado de Valores<\/a><\/li>\n\n\n\n<li><a href=\"http:\/\/www.utbb.edu.mx\/wp-content\/uploads\/2024\/11\/ADMINISTRACION-FINANCIERA.pdf\" target=\"_blank\" rel=\"noreferrer noopener\">Administraci\u00f3n Financiera<\/a><\/li>\n\n\n\n<li><a href=\"http:\/\/www.utbb.edu.mx\/wp-content\/uploads\/2024\/11\/SEMINARIO-FISCAL-DE-PERSONAS-MORALES.pdf\" target=\"_blank\" rel=\"noreferrer noopener\">Seminario Fiscal de Personas Morales<\/a><\/li>\n\n\n\n<li><a href=\"http:\/\/www.utbb.edu.mx\/wp-content\/uploads\/2024\/11\/SEMINARIO-FISCAL-DE-ASOCIACIONES-Y-SOCIEDADES-CIVILES.pdf\">Seminario Fiscal de Asociaciones y Sociedades Civiles<\/a><\/li>\n\n\n\n<li><a href=\"http:\/\/www.utbb.edu.mx\/wp-content\/uploads\/2024\/11\/AUDITORIA-FINANCIERA.pdf\" target=\"_blank\" rel=\"noreferrer noopener\">Auditor\u00eda Financiera<\/a><\/li>\n<\/ul>\n\n\n\n<h4 class=\"wp-block-heading\"><strong>Cuatrimestre <\/strong>8<\/h4>\n\n\n\n<ul class=\"wp-block-list\">\n<li><a href=\"http:\/\/www.utbb.edu.mx\/wp-content\/uploads\/2024\/11\/INGLES-VII.pdf\" target=\"_blank\" rel=\"noreferrer noopener\">Ingl\u00e9s VII<\/a><\/li>\n\n\n\n<li><a href=\"http:\/\/www.utbb.edu.mx\/wp-content\/uploads\/2024\/11\/CONTABILIDAD-GUBERNAMENTAL.pdf\" target=\"_blank\" rel=\"noreferrer noopener\">Contabilidad Gubernamental<\/a><\/li>\n\n\n\n<li><a href=\"http:\/\/www.utbb.edu.mx\/wp-content\/uploads\/2024\/11\/ESTRUCTURA-DE-CAPITAL.pdf\" target=\"_blank\" rel=\"noreferrer noopener\">Estructura de Capital<\/a><\/li>\n\n\n\n<li><a href=\"http:\/\/www.utbb.edu.mx\/wp-content\/uploads\/2024\/11\/CONTABILIDADES-ESPECIALES.pdf\" target=\"_blank\" rel=\"noreferrer noopener\">Contabilidades Especiales<\/a><\/li>\n\n\n\n<li><a href=\"http:\/\/www.utbb.edu.mx\/wp-content\/uploads\/2024\/11\/SEMINARIO-FISCAL-DE-PERSONAS-FISICAS.pdf\" target=\"_blank\" rel=\"noreferrer noopener\">Seminario Fiscal de Personas F\u00edsicas<\/a><\/li>\n\n\n\n<li><a href=\"http:\/\/www.utbb.edu.mx\/wp-content\/uploads\/2024\/11\/SEGURIDAD-SOCIAL.pdf\" target=\"_blank\" rel=\"noreferrer noopener\">Seguridad Social<\/a><\/li>\n\n\n\n<li><a href=\"http:\/\/www.utbb.edu.mx\/wp-content\/uploads\/2024\/11\/DESARROLLO-ORGANIZACIONAL.pdf\" target=\"_blank\" rel=\"noreferrer noopener\">Desarrollo Organizacional<\/a><\/li>\n<\/ul>\n\n\n\n<h4 class=\"wp-block-heading\"><strong>Cuatrimestre <\/strong>9<\/h4>\n\n\n\n<ul class=\"wp-block-list\">\n<li><a href=\"http:\/\/www.utbb.edu.mx\/wp-content\/uploads\/2024\/11\/INGLES-VIII.pdf\" target=\"_blank\" rel=\"noreferrer noopener\">Ingl\u00e9s VIII<\/a><\/li>\n\n\n\n<li><a href=\"http:\/\/www.utbb.edu.mx\/wp-content\/uploads\/2024\/11\/AUDITORIA-GUBERNAMENTAL.pdf\" target=\"_blank\" rel=\"noreferrer noopener\">Auditor\u00eda Gubernamental<\/a><\/li>\n\n\n\n<li><a href=\"http:\/\/www.utbb.edu.mx\/wp-content\/uploads\/2024\/11\/EVALUACION-FINANCIERA.pdf\" target=\"_blank\" rel=\"noreferrer noopener\">Evaluaci\u00f3n Financiera<\/a><\/li>\n\n\n\n<li><a href=\"http:\/\/www.utbb.edu.mx\/wp-content\/uploads\/2024\/11\/AUDITORIA-FISCAL.pdf\" target=\"_blank\" rel=\"noreferrer noopener\">Auditor\u00eda Fiscal<\/a><\/li>\n\n\n\n<li><a href=\"http:\/\/www.utbb.edu.mx\/wp-content\/uploads\/2024\/11\/SEMINARIO-DE-DEFENSA-FISCAL.pdf\" target=\"_blank\" rel=\"noreferrer noopener\">Seminario de Defensa Fiscal<\/a><\/li>\n\n\n\n<li><a href=\"http:\/\/www.utbb.edu.mx\/wp-content\/uploads\/2024\/11\/ADMINISTRACION-DE-COSTOS-E-INVENTARIOS-PARA-LA-TOMA-DE-DECISIONES.pdf\" target=\"_blank\" rel=\"noreferrer noopener\">Administraci\u00f3n de Costos e Inventarios para la toma de Decisiones<\/a><\/li>\n\n\n\n<li><a href=\"http:\/\/www.utbb.edu.mx\/wp-content\/uploads\/2024\/11\/PROYECTO-INTEGRADOR-III-INGENIERIAS.pdf\" target=\"_blank\" rel=\"noreferrer noopener\">Proyecto Integrador III<\/a><\/li>\n<\/ul>\n\n\n\n<h4 class=\"wp-block-heading\"><strong>Cuatrimestre <\/strong>10<\/h4>\n\n\n\n<ul class=\"wp-block-list\">\n<li>Estad\u00eda<\/li>\n<\/ul>\n<\/div>\n<\/div>\n<\/div>\n\n\n\n<div class=\"wp-block-gutena-tab gutena-tab-block gutena-tab-block-3d9d2e-98 inactive\" data-tab=\"5\">\n<figure class=\"wp-block-gallery has-nested-images columns-default is-cropped wp-block-gallery-1 is-layout-flex wp-block-gallery-is-layout-flex\">\n<figure class=\"wp-block-image size-large\"><img loading=\"lazy\" decoding=\"async\" width=\"1024\" height=\"683\" data-id=\"2040\" src=\"http:\/\/192.168.22.9\/utbb.edu.mx\/wp-content\/uploads\/2024\/07\/LABORATORIO-DE-COMPUTO-1024x683.jpg\" alt=\"\" class=\"wp-image-2040\" srcset=\"https:\/\/www.utbb.edu.mx\/wp-content\/uploads\/2024\/07\/LABORATORIO-DE-COMPUTO-1024x683.jpg 1024w, https:\/\/www.utbb.edu.mx\/wp-content\/uploads\/2024\/07\/LABORATORIO-DE-COMPUTO-300x200.jpg 300w, https:\/\/www.utbb.edu.mx\/wp-content\/uploads\/2024\/07\/LABORATORIO-DE-COMPUTO-768x512.jpg 768w, https:\/\/www.utbb.edu.mx\/wp-content\/uploads\/2024\/07\/LABORATORIO-DE-COMPUTO-600x400.jpg 600w, https:\/\/www.utbb.edu.mx\/wp-content\/uploads\/2024\/07\/LABORATORIO-DE-COMPUTO-1536x1024.jpg 1536w, https:\/\/www.utbb.edu.mx\/wp-content\/uploads\/2024\/07\/LABORATORIO-DE-COMPUTO-2048x1365.jpg 2048w\" sizes=\"auto, (max-width: 1024px) 100vw, 1024px\" \/><\/figure>\n<\/figure>\n<\/div>\n<\/div><\/div>\n\n\n\n<p><strong>Contacto<\/strong><br>Planta Alta del Edificio de Docencia II<\/p>\n\n\n\n<p><strong>Tel\u00e9fono<\/strong><br>(+52) 322 226 8300 Ext. 1805<\/p>\n\n\n\n<p><strong>Correo Institucional<\/strong><br><a href=\"mailto:rortega@utbb.edu.mx\">rortega@utbb.edu.mx<\/a><\/p>\n","protected":false},"excerpt":{"rendered":"<p>El egresado de Licenciatura en Contadur\u00eda cuenta con las competencias profesionales necesarias para su desempe\u00f1o en el campo laboral, en el \u00e1mbito local, regional y nacional. El egresado de Licenciatura en Contadur\u00eda se distingue por poseer las competencias profesionales esenciales que respaldan su desempe\u00f1o con \u00e9xito en el din\u00e1mico entorno laboral, abarcando tanto el \u00e1mbito [&hellip;]<\/p>\n","protected":false},"author":1,"featured_media":0,"parent":0,"menu_order":0,"comment_status":"closed","ping_status":"closed","template":"","meta":{"footnotes":""},"class_list":["post-1217","page","type-page","status-publish","hentry","latest_post"],"_links":{"self":[{"href":"https:\/\/www.utbb.edu.mx\/index.php?rest_route=\/wp\/v2\/pages\/1217","targetHints":{"allow":["GET"]}}],"collection":[{"href":"https:\/\/www.utbb.edu.mx\/index.php?rest_route=\/wp\/v2\/pages"}],"about":[{"href":"https:\/\/www.utbb.edu.mx\/index.php?rest_route=\/wp\/v2\/types\/page"}],"author":[{"embeddable":true,"href":"https:\/\/www.utbb.edu.mx\/index.php?rest_route=\/wp\/v2\/users\/1"}],"replies":[{"embeddable":true,"href":"https:\/\/www.utbb.edu.mx\/index.php?rest_route=%2Fwp%2Fv2%2Fcomments&post=1217"}],"version-history":[{"count":53,"href":"https:\/\/www.utbb.edu.mx\/index.php?rest_route=\/wp\/v2\/pages\/1217\/revisions"}],"predecessor-version":[{"id":4000,"href":"https:\/\/www.utbb.edu.mx\/index.php?rest_route=\/wp\/v2\/pages\/1217\/revisions\/4000"}],"wp:attachment":[{"href":"https:\/\/www.utbb.edu.mx\/index.php?rest_route=%2Fwp%2Fv2%2Fmedia&parent=1217"}],"curies":[{"name":"wp","href":"https:\/\/api.w.org\/{rel}","templated":true}]}}